{"id":2586,"date":"2026-05-12T17:40:27","date_gmt":"2026-05-12T15:40:27","guid":{"rendered":"https:\/\/www.sv-eintracht-gransee.de\/?page_id=2586"},"modified":"2026-05-12T17:44:11","modified_gmt":"2026-05-12T15:44:11","slug":"kinderschutz","status":"publish","type":"page","link":"https:\/\/www.sv-eintracht-gransee.de\/?page_id=2586","title":{"rendered":"Kinderschutz"},"content":{"rendered":"<div style=\"max-width:900px;margin:0 auto;line-height:1.7;\">\n<h2 style=\"text-align:center;\">Kinder- und Jugendschutz im SV Eintracht Gransee<\/h2>\n<p>\nIn Gransee \u00fcbernehmen wir als Verein Verantwortung f\u00fcr das Wohl von Kindern und Jugendlichen.<br \/>\nAus diesem Grund haben wir ein umfassendes Kinder- und Jugendschutzkonzept entwickelt, das klare Strukturen schafft und einen sicheren Rahmen f\u00fcr alle Beteiligten gew\u00e4hrleistet.\n<\/p>\n<hr>\n<h3>&#x1f4a1; Warum ist das wichtig?<\/h3>\n<p>\nKinder und Jugendliche sollen sich bei uns nicht nur sportlich, sondern auch pers\u00f6nlich sicher f\u00fchlen und bestm\u00f6glich entwickeln k\u00f6nnen.<br \/>\nDer Schutz vor jeglicher Form von Grenzverletzungen steht dabei an oberster Stelle.\n<\/p>\n<h3>&#x1f465; Wen betrifft es?<\/h3>\n<p>\nUnser Konzept richtet sich an alle Trainerinnen und Trainer, Betreuerinnen und Betreuer, Eltern sowie alle weiteren Personen, die Teil unseres Vereinslebens in Gransee sind.<br \/>\nGemeinsam tragen wir Verantwortung f\u00fcr ein respektvolles und sicheres Umfeld.\n<\/p>\n<h3>&#x1f64f; Dank an den FLB<\/h3>\n<p>\nEin besonderer Dank gilt dem <strong>FLB<\/strong> f\u00fcr die wertvolle Unterst\u00fctzung bei der Entwicklung und Gestaltung dieses Konzepts.\n<\/p>\n<h3>&#x1f4ec; Ansprechpartner<\/h3>\n<p>\n<strong>Tom Scharf<\/strong><br \/>\n0176 43 46 39 83<br \/>\ninfo@sv-eintracht-gransee.de\n<\/p>\n<p style=\"text-align:center;\">\nGemeinsam setzen wir in Gransee ein klares Zeichen f\u00fcr Schutz, Vertrauen und Verantwortung. &#x1f534;&#x26aa;\n<\/p>\n<\/div>\n","protected":false},"excerpt":{"rendered":"<p>Kinder- und Jugendschutz im SV Eintracht Gransee In Gransee \u00fcbernehmen wir als Verein Verantwortung f\u00fcr das Wohl von Kindern und Jugendlichen. Aus diesem Grund haben wir ein umfassendes Kinder- und Jugendschutzkonzept entwickelt, das klare Strukturen schafft und einen sicheren Rahmen f\u00fcr alle Beteiligten gew\u00e4hrleistet. &#x1f4a1; Warum ist das wichtig? Kinder und Jugendliche sollen sich bei [&hellip;]<\/p>\n","protected":false},"author":1,"featured_media":0,"parent":0,"menu_order":0,"comment_status":"closed","ping_status":"closed","template":"","meta":{"site-sidebar-layout":"default","site-content-layout":"","ast-site-content-layout":"default","site-content-style":"default","site-sidebar-style":"default","ast-global-header-display":"","ast-banner-title-visibility":"","ast-main-header-display":"","ast-hfb-above-header-display":"","ast-hfb-below-header-display":"","ast-hfb-mobile-header-display":"","site-post-title":"","ast-breadcrumbs-content":"","ast-featured-img":"","footer-sml-layout":"","ast-disable-related-posts":"","theme-transparent-header-meta":"default","adv-header-id-meta":"","stick-header-meta":"","header-above-stick-meta":"","header-main-stick-meta":"","header-below-stick-meta":"","astra-migrate-meta-layouts":"set","ast-page-background-enabled":"default","ast-page-background-meta":{"desktop":{"background-color":"var(--ast-global-color-5)","background-image":"","background-repeat":"repeat","background-position":"center center","background-size":"auto","background-attachment":"scroll","background-type":"","background-media":"","overlay-type":"","overlay-color":"","overlay-opacity":"","overlay-gradient":""},"tablet":{"background-color":"","background-image":"","background-repeat":"repeat","background-position":"center center","background-size":"auto","background-attachment":"scroll","background-type":"","background-media":"","overlay-type":"","overlay-color":"","overlay-opacity":"","overlay-gradient":""},"mobile":{"background-color":"","background-image":"","background-repeat":"repeat","background-position":"center center","background-size":"auto","background-attachment":"scroll","background-type":"","background-media":"","overlay-type":"","overlay-color":"","overlay-opacity":"","overlay-gradient":""}},"ast-content-background-meta":{"desktop":{"background-color":"var(--ast-global-color-4)","background-image":"","background-repeat":"repeat","background-position":"center center","background-size":"auto","background-attachment":"scroll","background-type":"","background-media":"","overlay-type":"","overlay-color":"","overlay-opacity":"","overlay-gradient":""},"tablet":{"background-color":"var(--ast-global-color-4)","background-image":"","background-repeat":"repeat","background-position":"center center","background-size":"auto","background-attachment":"scroll","background-type":"","background-media":"","overlay-type":"","overlay-color":"","overlay-opacity":"","overlay-gradient":""},"mobile":{"background-color":"var(--ast-global-color-4)","background-image":"","background-repeat":"repeat","background-position":"center center","background-size":"auto","background-attachment":"scroll","background-type":"","background-media":"","overlay-type":"","overlay-color":"","overlay-opacity":"","overlay-gradient":""}},"footnotes":""},"class_list":["post-2586","page","type-page","status-publish","hentry"],"_links":{"self":[{"href":"https:\/\/www.sv-eintracht-gransee.de\/index.php?rest_route=\/wp\/v2\/pages\/2586","targetHints":{"allow":["GET"]}}],"collection":[{"href":"https:\/\/www.sv-eintracht-gransee.de\/index.php?rest_route=\/wp\/v2\/pages"}],"about":[{"href":"https:\/\/www.sv-eintracht-gransee.de\/index.php?rest_route=\/wp\/v2\/types\/page"}],"author":[{"embeddable":true,"href":"https:\/\/www.sv-eintracht-gransee.de\/index.php?rest_route=\/wp\/v2\/users\/1"}],"replies":[{"embeddable":true,"href":"https:\/\/www.sv-eintracht-gransee.de\/index.php?rest_route=%2Fwp%2Fv2%2Fcomments&post=2586"}],"version-history":[{"count":3,"href":"https:\/\/www.sv-eintracht-gransee.de\/index.php?rest_route=\/wp\/v2\/pages\/2586\/revisions"}],"predecessor-version":[{"id":2593,"href":"https:\/\/www.sv-eintracht-gransee.de\/index.php?rest_route=\/wp\/v2\/pages\/2586\/revisions\/2593"}],"wp:attachment":[{"href":"https:\/\/www.sv-eintracht-gransee.de\/index.php?rest_route=%2Fwp%2Fv2%2Fmedia&parent=2586"}],"curies":[{"name":"wp","href":"https:\/\/api.w.org\/{rel}","templated":true}]}}