{"id":845,"date":"2015-12-10T23:55:07","date_gmt":"2015-12-10T21:55:07","guid":{"rendered":"http:\/\/www.sv-eintracht-gransee.de\/?page_id=845"},"modified":"2015-12-11T11:36:12","modified_gmt":"2015-12-11T09:36:12","slug":"namensgebungen","status":"publish","type":"page","link":"https:\/\/www.sv-eintracht-gransee.de\/?page_id=845","title":{"rendered":"Namensgebungen"},"content":{"rendered":"<p>Die seit 1920 laufende Geschichte unserer &#8222;Eintracht&#8220; hat viele erw\u00e4hnenswerte Aspekte, die wir hier in dem Umfang nicht niederschreiben k\u00f6nnen.<em> (Weitere Informationen im Schlusswort)<\/em><br \/>\nTrotzdem m\u00f6chten wir Ihnen hier eine kurze Erl\u00e4uterung darlegen, wie sich die\u00a0Namensgebung im Verein in den Jahrzehnten zusammengesetzt hat:<\/p>\n<p>&nbsp;<\/p>\n<h1>1920 &#8211; 1947<\/h1>\n<p>Unsere 14 Gr\u00fcndungsmitglieder gr\u00fcndeten im Vereinslokal Restaurant zur &#8222;Stadt Gransee&#8220; (Bilder vorhanden) den heutigen SV Eintracht Gransee. Der Name, damals, lautete &#8222;SV Gransee 1920&#8220;.<\/p>\n<p>&nbsp;<\/p>\n<h1>1947 &#8211; 1977<\/h1>\n<p>In dieser Zeit \u00e4nderten wir unseren Vereinsnamen 5 mal:<br \/>\nSV Gransee 1920 (bis 1947)\u00a0\u2192 BSG Empor Gransee (bis 1948)\u00a0\u2192 Einheit Gransee (bis 1953)\u00a0\u2192 Dynamo Gransee (bis 1954)\u00a0\u2192 BSG Empor Gransee (bis 1957)\u00a0\u2192 Dynamo Gransee (bis 1977).<\/p>\n<p>&nbsp;<\/p>\n<h1>1977 &#8211; 1986<\/h1>\n<p>Aufgrund eines neuen Tr\u00e4gerbetriebes, wechselte Gransee den Vereinsnamen in BSG Aufbau. Heini Gast (Vereinsvorsitzender 77-86) benannte als Inhaber der VBK Hochbau Gransee den Namen in BSG Aufbau Gransee um. Aus gesundheitlichen Gr\u00fcnden legte Heini Gast sein Amt als Vorsitzender nieder.<\/p>\n<p>&nbsp;<\/p>\n<h1>1986 &#8211; 1990<\/h1>\n<p>Umbenennung zu ZSG Rot-Wei\u00df Gransee.<br \/>\nWegen dem zusammenschluss aus verschiedenen Betrieben wurden wir zu ZSG (Zentrale Sportgemeinschaft) Rot-Wei\u00df Gransee. Die Betriebe VEG Wendefeld, Konsum Genossenschaft Gransee und HO Gransee schlossen sich als &#8222;Geldgeber&#8220; zusammen.<\/p>\n<p>&nbsp;<\/p>\n<h1>1990 &#8211; 1995<\/h1>\n<p>Umbenennung zu PSV Gransee.<br \/>\nDer Mauerfall f\u00fchrt\u00a0auch in Gransee zu einer &#8222;Durststrecke&#8220;. VEG Wendefeld-, Konsum Genossenschaft Gransee- und HO Gransee wurden privatisiert oder gingen Pleite. Wegen der politischen Entwicklung konnte man die finanzielle H\u00fcrde nicht mehr nehmen und traten vom Fu\u00dfballverein zur\u00fcck. Ohne diese politische Entwicklung h\u00e4tte man sicher noch weitere Jahre erfolgreich Fu\u00dfball spielen k\u00f6nnen.\u00a0Selbst die geplanten Umbauma\u00dfnahmen am Stadion in der heutigen Oranienburger Stra\u00dfe mussten wieder &#8222;ad acta&#8220; gelegt werden.<\/p>\n<p>&nbsp;<\/p>\n<h1>1995 &#8211; heute<\/h1>\n<p>Umbenennung zu SV Eintracht Gransee.<br \/>\nEs wurde eine intere Namens\u00e4nderung gew\u00fcnscht. Grund daf\u00fcr war u.a., dass der PSV (Polizei Sportverein) kein Geld- und auch kein weiteres Interesse an einer \u00a0Zusammenarbeit hatte. Aus zwei Vorschl\u00e4gen (SV Ruppiner Tor Gransee, SV 1920 Gransee) wurde, bevor es zur Abstimmung kam, ein weiterer Vorschlag in die &#8222;Runde&#8220; gebracht. &#8222;Eintracht&#8220;, hie\u00df der Vorschlag vom Sportkamerad Horst Radke. Grund daf\u00fcr: In der fr\u00fcheren Geschicht Gransee\u00b4s, kam dieser Name bereits vor. Nach einigen Unstimmigkeiten &#8211; und erst in der 3. Abstimmung wurde eine \u00fcberwiegende Mehrheit getroffen. Seit 1995 hat Gransee seinen bekannten Namen SV Eintracht Gransee.<\/p>\n","protected":false},"excerpt":{"rendered":"<p>Die seit 1920 laufende Geschichte unserer &#8222;Eintracht&#8220; hat viele erw\u00e4hnenswerte Aspekte, die wir hier in dem Umfang nicht niederschreiben k\u00f6nnen. (Weitere Informationen im Schlusswort) Trotzdem m\u00f6chten wir Ihnen hier eine kurze Erl\u00e4uterung darlegen, wie sich die\u00a0Namensgebung im Verein in den Jahrzehnten zusammengesetzt hat: &nbsp; 1920 &#8211; 1947 Unsere 14 Gr\u00fcndungsmitglieder gr\u00fcndeten im Vereinslokal Restaurant zur <span class=\"ellipsis\">&hellip;<\/span> <span class=\"more-link-wrap\"><a href=\"https:\/\/www.sv-eintracht-gransee.de\/?page_id=845\" class=\"more-link\"><span>Read More &rarr;<\/span><\/a><\/span><\/p>\n","protected":false},"author":1,"featured_media":0,"parent":20,"menu_order":0,"comment_status":"closed","ping_status":"closed","template":"","meta":[],"_links":{"self":[{"href":"https:\/\/www.sv-eintracht-gransee.de\/index.php?rest_route=\/wp\/v2\/pages\/845"}],"collection":[{"href":"https:\/\/www.sv-eintracht-gransee.de\/index.php?rest_route=\/wp\/v2\/pages"}],"about":[{"href":"https:\/\/www.sv-eintracht-gransee.de\/index.php?rest_route=\/wp\/v2\/types\/page"}],"author":[{"embeddable":true,"href":"https:\/\/www.sv-eintracht-gransee.de\/index.php?rest_route=\/wp\/v2\/users\/1"}],"replies":[{"embeddable":true,"href":"https:\/\/www.sv-eintracht-gransee.de\/index.php?rest_route=%2Fwp%2Fv2%2Fcomments&post=845"}],"version-history":[{"count":3,"href":"https:\/\/www.sv-eintracht-gransee.de\/index.php?rest_route=\/wp\/v2\/pages\/845\/revisions"}],"predecessor-version":[{"id":849,"href":"https:\/\/www.sv-eintracht-gransee.de\/index.php?rest_route=\/wp\/v2\/pages\/845\/revisions\/849"}],"up":[{"embeddable":true,"href":"https:\/\/www.sv-eintracht-gransee.de\/index.php?rest_route=\/wp\/v2\/pages\/20"}],"wp:attachment":[{"href":"https:\/\/www.sv-eintracht-gransee.de\/index.php?rest_route=%2Fwp%2Fv2%2Fmedia&parent=845"}],"curies":[{"name":"wp","href":"https:\/\/api.w.org\/{rel}","templated":true}]}}