{"id":981,"date":"2016-06-04T17:26:14","date_gmt":"2016-06-04T15:26:14","guid":{"rendered":"http:\/\/www.sv-eintracht-gransee.de\/?page_id=981"},"modified":"2026-05-12T21:29:03","modified_gmt":"2026-05-12T19:29:03","slug":"gymnastik-gruppe","status":"publish","type":"page","link":"https:\/\/www.sv-eintracht-gransee.de\/?page_id=981","title":{"rendered":"Gymnastik Gruppe"},"content":{"rendered":"<div class=\"wp-block-group\">\n<h2 style=\"text-align: center;\">Sportangebot<\/h2>\n<p><!-- Bild oben --><\/p>\n<p style=\"text-align: center;\"><a href=\"https:\/\/www.sv-eintracht-gransee.de\/wp-content\/uploads\/2016\/06\/20160604_170252.jpg\"><br \/>\n<img loading=\"lazy\" decoding=\"async\" class=\"\" src=\"https:\/\/www.sv-eintracht-gransee.de\/wp-content\/uploads\/2016\/06\/20160604_170252-300x206.jpg\" alt=\"20160604_170252\" width=\"373\" height=\"256\" \/><br \/>\n<\/a><\/p>\n<p><!-- Infos --><\/p>\n<div style=\"max-width: 800px; margin: auto; line-height: 1.8; text-align: left;\">\n<p>Montags &#8211; in der Sporthalle Gransee des Gymnasiums von 19:00 Uhr &#8211; 20:30 Uhr.<br \/>\n\u00dcbungsleiterin: Ingetraut Dehmel<br \/>\nKontakt: 03306 \/ 29087<\/p>\n<p>Wir treiben Sport unter dem Motto &#8222;Vorbeugen ist besser als Heilen&#8220;.<br \/>\nUm die besten Jahre zu genie\u00dfen, bedarf es einer guten Fitness.<\/p>\n<p>Unser Ziel ist es, K\u00f6rper, Geist und Seele in ein Gleichgewicht zu halten, Stre\u00df- und Alltagsbelastungen abzubauen und das allgemeine Wohlbefinden zu f\u00f6rdern sowie Freude an der Bewegung in der Gemeinschaft weiter auszubauen.<br \/>\nDurch gesellige Spiele, Pilates, Koordinations- und Konditionstraining, R\u00fcckenschulung (Kr\u00e4ftigung, Dehnung und Entspannung der Muskulatur) und vieles mehr.<\/p>\n<p>Neben dem Sport kommt auch die Geselligkeit nicht zu kurz. Gemeinsame Ausfl\u00fcge mit Bus-, Bahn- oder Rad sowie Besuche von kulturellen Veranstaltungen, festigen wir unser Team.<\/p>\n<\/div>\n<p><!-- Bilder unten --><\/p>\n<p style=\"text-align: center; margin-top: 20px;\"><a href=\"https:\/\/www.sv-eintracht-gransee.de\/wp-content\/uploads\/2016\/06\/20160604_170355.jpg\"><br \/>\n<img loading=\"lazy\" decoding=\"async\" class=\"aligncenter\" src=\"https:\/\/www.sv-eintracht-gransee.de\/wp-content\/uploads\/2016\/06\/20160604_170355-300x197.jpg\" width=\"387\" height=\"254\" \/><\/a><\/p>\n<p>&nbsp;<\/p>\n<p><a href=\"https:\/\/www.sv-eintracht-gransee.de\/wp-content\/uploads\/2016\/06\/20160604_170322.jpg\">\u00a0<\/a><\/p>\n<\/div>\n","protected":false},"excerpt":{"rendered":"<p>Sportangebot Montags &#8211; in der Sporthalle Gransee des Gymnasiums von 19:00 Uhr &#8211; 20:30 Uhr. \u00dcbungsleiterin: Ingetraut Dehmel Kontakt: 03306 \/ 29087 Wir treiben Sport unter dem Motto &#8222;Vorbeugen ist besser als Heilen&#8220;. Um die besten Jahre zu genie\u00dfen, bedarf es einer guten Fitness. Unser Ziel ist es, K\u00f6rper, Geist und Seele in ein Gleichgewicht [&hellip;]<\/p>\n","protected":false},"author":1,"featured_media":0,"parent":0,"menu_order":0,"comment_status":"closed","ping_status":"closed","template":"","meta":{"site-sidebar-layout":"default","site-content-layout":"","ast-site-content-layout":"default","site-content-style":"default","site-sidebar-style":"default","ast-global-header-display":"","ast-banner-title-visibility":"","ast-main-header-display":"","ast-hfb-above-header-display":"","ast-hfb-below-header-display":"","ast-hfb-mobile-header-display":"","site-post-title":"","ast-breadcrumbs-content":"","ast-featured-img":"","footer-sml-layout":"","ast-disable-related-posts":"","theme-transparent-header-meta":"default","adv-header-id-meta":"","stick-header-meta":"","header-above-stick-meta":"","header-main-stick-meta":"","header-below-stick-meta":"","astra-migrate-meta-layouts":"set","ast-page-background-enabled":"default","ast-page-background-meta":{"desktop":{"background-color":"var(--ast-global-color-5)","background-image":"","background-repeat":"repeat","background-position":"center center","background-size":"auto","background-attachment":"scroll","background-type":"","background-media":"","overlay-type":"","overlay-color":"","overlay-opacity":"","overlay-gradient":""},"tablet":{"background-color":"","background-image":"","background-repeat":"repeat","background-position":"center center","background-size":"auto","background-attachment":"scroll","background-type":"","background-media":"","overlay-type":"","overlay-color":"","overlay-opacity":"","overlay-gradient":""},"mobile":{"background-color":"","background-image":"","background-repeat":"repeat","background-position":"center center","background-size":"auto","background-attachment":"scroll","background-type":"","background-media":"","overlay-type":"","overlay-color":"","overlay-opacity":"","overlay-gradient":""}},"ast-content-background-meta":{"desktop":{"background-color":"var(--ast-global-color-4)","background-image":"","background-repeat":"repeat","background-position":"center center","background-size":"auto","background-attachment":"scroll","background-type":"","background-media":"","overlay-type":"","overlay-color":"","overlay-opacity":"","overlay-gradient":""},"tablet":{"background-color":"var(--ast-global-color-4)","background-image":"","background-repeat":"repeat","background-position":"center center","background-size":"auto","background-attachment":"scroll","background-type":"","background-media":"","overlay-type":"","overlay-color":"","overlay-opacity":"","overlay-gradient":""},"mobile":{"background-color":"var(--ast-global-color-4)","background-image":"","background-repeat":"repeat","background-position":"center center","background-size":"auto","background-attachment":"scroll","background-type":"","background-media":"","overlay-type":"","overlay-color":"","overlay-opacity":"","overlay-gradient":""}},"footnotes":""},"class_list":["post-981","page","type-page","status-publish","hentry"],"_links":{"self":[{"href":"https:\/\/www.sv-eintracht-gransee.de\/index.php?rest_route=\/wp\/v2\/pages\/981","targetHints":{"allow":["GET"]}}],"collection":[{"href":"https:\/\/www.sv-eintracht-gransee.de\/index.php?rest_route=\/wp\/v2\/pages"}],"about":[{"href":"https:\/\/www.sv-eintracht-gransee.de\/index.php?rest_route=\/wp\/v2\/types\/page"}],"author":[{"embeddable":true,"href":"https:\/\/www.sv-eintracht-gransee.de\/index.php?rest_route=\/wp\/v2\/users\/1"}],"replies":[{"embeddable":true,"href":"https:\/\/www.sv-eintracht-gransee.de\/index.php?rest_route=%2Fwp%2Fv2%2Fcomments&post=981"}],"version-history":[{"count":8,"href":"https:\/\/www.sv-eintracht-gransee.de\/index.php?rest_route=\/wp\/v2\/pages\/981\/revisions"}],"predecessor-version":[{"id":2630,"href":"https:\/\/www.sv-eintracht-gransee.de\/index.php?rest_route=\/wp\/v2\/pages\/981\/revisions\/2630"}],"wp:attachment":[{"href":"https:\/\/www.sv-eintracht-gransee.de\/index.php?rest_route=%2Fwp%2Fv2%2Fmedia&parent=981"}],"curies":[{"name":"wp","href":"https:\/\/api.w.org\/{rel}","templated":true}]}}